0*k**5 + 2*k**2 - 5/24*k**4 + 0 + 0*k + 5/6*k**3. What is i(j)?
9
Let b(n) be the second derivative of -2/3*n**3 + 0 + 1/2*n**2 + 7*n. Let i(u) = -3*u**2 + 1. Let x be i(-1). Give b(x).
9
Let l(i) be the third derivative of i**6/120 + i**5/60 + i**4/24 + 4*i**3/3 - 11*i**2. Calculate l(0).
8
Let w(a) = -a**2 + 7*a + 1. Suppose -3*s + 15 - 3 = 0. Suppose -12 - 33 = -s*q + 5*b, 3*q = -3*b. What is w(q)?
11
Let w be 1 - (2 - 1 - 5). Suppose w*a = 5 + 10. Let d(q) = -3*q - q - a - q**2 + 2*q. What is d(-2)?
-3
Let p(u) = 3*u**2 - 11*u + 7. Let d(y) = -16*y**2 + 56*y - 34. Let j(w) = -2*d(w) - 11*p(w). Determine j(6).
9
Suppose 41 = -5*b - j, 2*b + j = -0*j - 17. Let s(a) = -a**3 - 14*a**2 - a - 10. Let r be s(-14). Let c = r + b. Let f(m) = -m**2 - 6*m - 3. Determine f(c).
5
Let k(f) = -f**2 - f - 1. Let m(c) = -7*c**2 - 3*c - 1. Let d(a) = -6*k(a) + m(a). Let p = 32 + -28. Determine d(p).
1
Let z(x) = -x**3 - 3*x**2 + 7*x + 5. Suppose -4*j + 17 - 5 = 0. Let c be 2/1 - 18/j. Give z(c).
-7
Let c = -2 - -3. Let q(g) = -2*g**3 - g**2 + g. Let l be q(c). Let a(t) = 2*t**2 + t + 1. Give a(l).
7
Let v(t) = 2*t + 5. Let k be v(-5). Let d = 7 - 4. Let p(f) = 3*f**3 - 6 + 6*f**2 + 0*f**3 + 0*f + 2*f - 2*f**d. Determine p(k).
9
Let m(l) = 3*l**2 + 3*l - 4. Let g(r) = -4*r**2 - 4*r + 3. Suppose -4*v - 6*c + 18 = -5*c, -4*c = -v + 13. Let x(q) = v*m(q) + 4*g(q). Give x(0).
-8
Suppose -5*g + 0*g + 5 = 0. Let d(w) be the third derivative of -1/6*w**3 + 0*w + 0 - 2*w**2 - 7/24*w**4. Calculate d(g).
-8
Let y(d) be the third derivative of 7/6*d**3 + 0*d + 0 + 1/24*d**4 - d**2. What is y(-6)?
1
Let y(x) = -2*x**3 + 0 - 7 + 2 + 4*x + x**3 + 3*x**2. Determine y(4).
-5
Let i(c) = -3 + c**2 + 3*c**2 - 3*c**2 - 5. Determine i(0).
-8
Let p(k) = -2*k + 1. Let i(r) = 3*r - 3. Let a(l) = 2*i(l) + 5*p(l). Give a(-1).
3
Let r = 7 + -3. Let o(a) = 4*a - 6. Give o(r).
10
Let b(m) be the second derivative of -1/12*m**4 + 4*m + 3/2*m**2 + 0*m**3 + 0. What is b(0)?
3
Let r = 42 - 37. Let x(s) = s**3 - 4*s**2 - 5*s + 3. What is x(r)?
3
Let u(p) = p**3 + p. Suppose 3*v - 6 = 0, j - v + 4*v - 7 = 0. Let b = j + -3. Determine u(b).
-10
Let d(n) = -n**2 - 6*n + 10. Let h be 4 - (3/(9/24) + 3). Give d(h).
3
Let k = 8 + -3. Suppose -4*u = -12, 0 = -k*t + t + u - 19. Let j(n) = n**2 + 3*n + 2. Determine j(t).
6
Let n(f) = -2*f - 4*f**2 + 28 - f**3 - 9 - 19. What is n(-4)?
8
Let t be ((-56)/(-6))/((-14)/42). Let f = t + 34. Let i(k) = -k**3 + 7*k**2 - 5*k - 8. Give i(f).
-2
Let d(u) = u + 1. Let r(c) = -3*c - 3. Let i(y) = -4*d(y) - r(y). Let k(l) = -l**2 + 4*l. Let m be k(5). Determine i(m).
4
Let t(x) = -x. Let c be t(0). Suppose c = 2*i + 2*p - 8, -2*i + p + 2*p = -13. Let d(u) = u**2 - 2*u - 4. What is d(i)?
11
Let t(l) = -l + 5. Suppose 3*f = -6*i + 3*i, -2*i - 8 = 0. What is t(f)?
1
Let m(n) = n**3 + 3*n**2 - 2*n + 4. Let u(c) = -c - 6. Let i be u(-3). What is m(i)?
10
Suppose -2*k + 0*k - 3*y = -16, 0 = -4*k + 4*y - 8. Let s be -2 + 1 + (7 - k). Let n(o) = -4*o + 9 - 3 + 0*o. What is n(s)?
-10
Let s(x) = 4 - 1 + 2*x - x**3 + 0*x**3 + 4*x**2. Determine s(5).
-12
Let l = 21 + -25. Suppose 5*o - 4*t + 8 = o, 4*t = o + 2. Let s(c) = -2*c - 3. Let h(a) = -a - 1. Let z(n) = o*s(n) + 5*h(n). Calculate z(l).
5
Let m(g) = g**3 + g**2 - 2*g + 2. Let a(n) be the second derivative of -n + 0*n**4 + n**2 + 1/20*n**5 + 0 - 1/3*n**3. Let l(y) = -2*a(y) + 3*m(y). Give l(-3).
8
Let i(p) = -p**3 - 4*p**2 - 3*p + 3. Let o = -1 + 3. Suppose -5*s = l + o + 6, -3*s = -l. Let g be i(l). Let t(h) = 2*h - 3. Determine t(g).
3
Let n(a) = -16*a**3 + a + 1. Let h be n(-1). Let v(t) = -h + 5*t + 2*t - t + 18. What is v(-2)?
-10
Let g be -3*2/3*1. Let h(p) = 5*p**3 - 3*p**2 + 20*p - 8. Let t(d) = -2*d**3 + d**2 - 7*d + 3. Let w(s) = 4*h(s) + 11*t(s). Calculate w(g).
7
Let c = 277 - 273. Suppose 5*l + 3*n = 4*n + 15, -3*l - 2*n + 9 = 0. Let t(o) = -3*o**2 + l - 2 + o**3 - 4 - 4*o. Give t(c).
-3
Let m(q) = -7*q - 2. Let a = -25 - -28. Let w(g) = g + 1. Let c(x) = a*w(x) + m(x). Suppose i - 1 = -4*o + 2*o, -5*i = 5*o. Determine c(o).
-3
Let r(k) be the third derivative of k**5/60 + k**4/4 + k**3/6 - k**2. Suppose 5*m - 5*c = 70, 16 = c - 5*c. Suppose -15 = 5*u + m. Determine r(u).
-4
Let h be ((-3)/(-6))/((-2)/(-4)). Let w be 4 + (-1 - h - -2). Let i(v) = -v + 3. Calculate i(w).
-1
Let c be (-1 - 0)/(4/12). Suppose -4*z - d + 0*d = 1, 0 = z - 2*d - 2. Let k(p) = z*p + p + p**3 + 2*p**2 + 2*p**2. Determine k(c).
6
Let l(p) be the third derivative of p**6/360 - 7*p**5/120 + p**4/12 - p**3 - 3*p**2. Let z(q) be the first derivative of l(q). Give z(6).
-4
Let b(g) = 23*g. Suppose 2*p = 4, -p - 3 = -a - 6. Give b(a).
-23
Let u = 5 - 2. Suppose 5*o + x = 3*x + 6, -u*x + 6 = 0. Let m(r) = 5 + 4 - 3*r + 4*r**2 - 7 - 1. What is m(o)?
11
Let z(q) = q**3 - 4*q**2 - 6*q + 6. Let n(k) = 18*k - 31. Let a be n(2). Give z(a).
1
Let j be 6/((-6)/39*-1). Let u be j/12 - 6/(-8). Let n(f) = -4 - f**2 + f**2 + 2*f**2 - 4*f - f**2. Calculate n(u).
-4
Suppose 3*v + 72 = -15*v. Suppose -g + 2*m + 13 = 0, -6*g + 3*g = -2*m - 19. Let s(k) = -g + 2*k + 3. Determine s(v).
-8
Let x(l) = -2*l**3 - 4*l + 1. Let v(w) = -7*w + 2 + 2*w + 0*w + 2*w**2 - 2*w**3 - w**2. Let a(h) = 3*v(h) - 4*x(h). Determine a(-2).
-4
Let h = -10 + 13. Let o(q) = -q**h + 5*q + 1 + q**2 - 5*q. What is o(0)?
1
Let f(h) = -22*h - 1. Let n = -49 + 50. Determine f(n).
-23
Let q(c) = -15*c**2 - 2*c + 1. Let g be (-2)/((-3)/6*4). What is q(g)?
-16
Let f(i) = -6*i - 1. Let d(z) = z**2 + 4*z - 20. Let y be d(-7). What is f(y)?
-7
Let v(t) = t**2 - 5*t - 3. Suppose -2 + 0 = -p. Suppose -3*y = -p*y - 5. Let q = y + -1. Calculate v(q).
-7
Let a = -17 + 13. Let x(w) be the third derivative of w**2 + 1/60*w**5 + 0*w + 0 + 1/6*w**4 + 0*w**3. Determine x(a).
0
Let v(b) be the second derivative of b**3/6 + 2*b**2 - 4*b. Suppose -2*a + a = 6. Let n(o) = 2*o + 9. Let q(w) = a*n(w) + 13*v(w). Determine q(2).
0
Suppose -7*g = -5*g - 14. Let r(c) = -6*c + g + 3*c + 2*c + 0*c. Give r(0).
7
Let v be 6/3 - (0 - 0). Let n(s) = 2 + v + 3*s**2 - 2 - s + s**3 + 2*s. What is n(-3)?
-1
Let l be 5*(-3 + 2 + 2). Suppose 2*w - l*w = 0. Let q(h) = h**3 + h**2 - h + 9. Determine q(w).
9
Let j be ((-4)/(-3))/(1/3). Suppose 0 = l + j*l - 20. Let q(c) = 6*c - 1 - 6*c - 2*c - l*c - c**2. What is q(-5)?
4
Let r(f) be the first derivative of -5*f**2/2 + 1. Suppose -u - 3*u = 24. Let q = u - -7. What is r(q)?
-5
Let r(k) = k. Let z(f) = f + 1. Let g(a) = -2*r(a) + z(a). Suppose -4*p - 12 = -5*n + 8, -5*p + 2*n - 8 = 0. Determine g(p).
1
Let f(v) = -v + 5. Let g(b) = -b + 1. Let m(i) = -f(i) + 4*g(i). What is m(-5)?
14
Let g(r) = r**3 - 10*r**2 - r + 5. Suppose -23*o - 10 = -24*o. Give g(o).
-5
Let w(b) = 4*b - 3. Suppose -3 = -4*k + 5*c - 0, -3*c = 2*k - 7. Calculate w(k).
5
Let t = 27 + -28. Let b(u) be the second derivative of 1/2*u**2 - 3/20*u**5 + 0 - 1/6*u**4 - 3*u + 0*u**3. What is b(t)?
2
Let c = -5 + -6. Let v = 12 + c. Let u(o) = 12*o**3 - o**2 + o - 1. Give u(v).
11
Let j(u) = 2*u + 0 + 4*u**2 - 6*u - 5 - 3*u**2. Suppose -8 = -5*y + 12. What is j(y)?
-5
Let i(r) be the first derivative of -r**4/4 + r**3 + 2*r**2 - 2*r + 29. What is i(4)?
-2
Suppose -2*w = -7*w + 5. Let d(z) = 3*z - 4*z + w - 4 + 2*z. Suppose 5*b - 7*x = -2*x - 25, 0 = 5*b + x + 13. Calculate d(b).
-6
Let q(m) = -3*m**3 - 4*m**2 - 15*m + 1. Let u(a) = -a**3 - 2*a**2 - 7*a. Let z = 6 - 8. Suppose 0 = 2*i - 3*i + 5. Let h(g) = i*u(g) + z*q(g). Determine h(4).
10
Let l(d) = -d + 1. Let y = -15 - -30. Suppose -5*t - y = -85. Let h be (35/t)/((-2)/4). Give l(h).
6
Suppose -5*r = 2*o - 24, r - 2*o = -4*o + 8. Suppose r*g + 8 = 6*g. Let t(j) = -2*j**2 + 75*j + j**2 - 5 - 72*j. Calculate t(g).
-9
Let h = -12 - -2. Let p = h - -14. Let w(r) = -4 + 10 + r - 4*r. Calculate w(p).
-6
Let z(j) = -2*j + 6. Let i(n) = -n**2 - 6*n + 5. Suppose -7*v = -3*v + 24. Let l be i(v). Determine z(l).
-4
Let m(i) = 8 + 0 + i**3 - 6 + 5 - 4*i**2 - 4*i. Give m(5).
12
Let i(f) = 7*f**2 - 3*f + 4. Let s(p) = -6*p**2 + 2*p - 3. Let j(l) = -3*i(l) - 4*s(l). Give j(-1).
2
Suppose 4*q + 115 = 7. Let u be (-2)/3*q/(-18). Let y(o) = -2*o - 1. Calculate y(u).
1
Let y(h) = 5*h**3 + h**2 - 2*h + 4. Let w(o) = 4*o**3 + 3 + 0 + 1 - 3*o. Let c(k) = -4*w(k) + 3*y(k). Let t =